nits digit of 25884?
4
What is the units digit of 21651?
1
What is the tens digit of 1930?
3
What is the hundreds digit of 324?
3
What is the thousands digit of 16998?
6
What is the tens digit of 696?
9
What is the units digit of 48?
8
What is the tens digit of 9995?
9
What is the hundreds digit of 1282?
2
What is the tens digit of 7001?
0
What is the units digit of 83763?
3
What is the tens digit of 513?
1
What is the units digit of 1696?
6
What is the hundreds digit of 3265?
2
What is the tens digit of 15?
1
What is the thousands digit of 2522?
2
What is the thousands digit of 23608?
3
What is the units digit of 955?
5
What is the hundreds digit of 43129?
1
What is the units digit of 10409?
9
What is the thousands digit of 10038?
0
What is the units digit of 11589?
9
What is the hundreds digit of 10367?
3
What is the thousands digit of 13752?
3
What is the tens digit of 23682?
8
What is the ten thousands digit of 25807?
2
What is the units digit of 1090?
0
What is the hundreds digit of 838?
8
What is the hundreds digit of 676?
6
What is the hundreds digit of 9647?
6
What is the thousands digit of 4348?
4
What is the hundreds digit of 3256?
2
What is the tens digit of 2689?
8
What is the hundreds digit of 10624?
6
What is the hundreds digit of 2104?
1
What is the tens digit of 4468?
6
What is the tens digit of 6562?
6
What is the thousands digit of 14453?
4
What is the hundreds digit of 65403?
4
What is the tens digit of 1565?
6
What is the hundreds digit of 13518?
5
What is the ten thousands digit of 33253?
3
What is the units digit of 44511?
1
What is the units digit of 75663?
3
What is the ten thousands digit of 120036?
2
What is the hundreds digit of 8783?
7
What is the hundreds digit of 284?
2
What is the tens digit of 8478?
7
What is the ten thousands digit of 54323?
5
What is the tens digit of 757?
5
What is the units digit of 1874?
4
What is the units digit of 925?
5
What is the hundreds digit of 303?
3
What is the hundreds digit of 788?
7
What is the units digit of 35615?
5
What is the thousands digit of 3233?
3
What is the tens digit of 428?
2
What is the thousands digit of 14005?
4
What is the units digit of 571?
1
What is the hundreds digit of 1097?
0
What is the hundreds digit of 2593?
5
What is the units digit of 706?
6
What is the hundreds digit of 1445?
4
What is the tens digit of 1695?
9
What is the units digit of 7170?
0
What is the tens digit of 595?
9
What is the hundreds digit of 1848?
8
What is the ten thousands digit of 15283?
1
What is the thousands digit of 3557?
3
What is the units digit of 54168?
8
What is the hundreds digit of 272?
2
What is the units digit of 4143?
3
What is the ten thousands digit of 22096?
2
What is the hundreds digit of 6158?
1
What is the tens digit of 282?
8
What is the tens digit of 2848?
4
What is the thousands digit of 14494?
4
What is the units digit of 6345?
5
What is the thousands digit of 7128?
7
What is the hundreds digit of 1474?
4
What is the units digit of 1401?
1
What is the hundreds digit of 890?
8
What is the thousands digit of 16470?
6
What is the thousands digit of 4359?
4
What is the units digit of 71?
1
What is the tens digit of 7499?
9
What is the thousands digit of 3180?
3
What is the tens digit of 9136?
3
What is the hundreds digit of 11134?
1
What is the tens digit of 3084?
8
What is the tens digit of 1657?
5
What is the hundreds digit of 449?
4
What is the ten thousands digit of 42050?
4
What is the units digit of 39?
9
What is the thousands digit of 54590?
4
What is the hundreds digit of 870?
8
What is the units digit of 5514?
4
What is the units digit of 4940?
0
What is the tens digit of 5300?
0
What is the thousands digit of 15770?
5
What is the tens digit of 8302?
0
What is the hundreds digit of 2836?
8
What is the ten thousands digit of 14294?
1
What is the ten thousands digit of 19037?
1
What is the tens digit of 14?
1
What is the thousands digit of 13522?
3
What is the thousands digit of 1104?
1
What is the units digit of 2018?
8
What is the units digit of 795?
5
What is the tens digit of 4248?
4
What is the thousands digit of 6623?
6
What is the thousands digit of 6539?
6
What is the hundreds digit of 36927?
9
What is the tens digit of 25?
2
What is the ten thousands digit of 35968?
3
What is the hundreds digit of 18485?
4
What is the thousands digit of 14300?
4
What is the hundreds digit of 16966?
9
What is the tens digit of 32570?
7
What is the thousands digit of 4626?
4
What is the thousands digit of 4418?
4
What is the units digit of 996?
6
What is the units digit of 5912?
2
What is the hundreds digit of 7365?
3
What is the hundreds digit of 27137?
1
What is the units digit of 4358?
8
What is the tens digit of 917?
1
What is the units digit of 783?
3
What is the units digit of 4052?
2
What is the hundreds digit of 174788?
7
What is the tens digit of 432?
3
What is the units digit of 893?
3
What is the tens digit of 21625?
2
What is the hundreds digit of 74211?
2
What is the units digit of 10306?
6
What is the units digit of 62439?
9
What is the tens digit of 2042?
4
What is the hundreds digit of 29307?
3
What is the tens digit of 3393?
9
What is the thousands digit of 24129?
4
What is the tens digit of 24844?
4
What is the tens digit of 3226?
2
What is the thousands digit of 33335?
3
What is the units digit of 632?
2
What is the units digit of 1707?
7
What is the units digit of 57?
7
What is the units digit of 4196?
6
What is the units digit of 97903?
3
What is the hundreds digit of 2670?
6
What is the tens digit of 2456?
5
What is the hundreds digit of 5180?
1
What is the hundreds digit of 680?
6
What is the hundreds digit of 34483?
4
What is the hundreds digit of 51396?
3
What is the tens digit of 6142?
4
What is the thousands digit of 50001?
0
What is the hundreds digit of 840?
8
What is the hundreds digit of 862?
8
What is the hundreds digit of 78796?
7
What is the units digit of 74?
4
What is the tens digit of 3821?
2
What is the tens digit of 112579?
7
What is the hundreds digit of 1364?
3
What is the hundreds digit of 576?
5
What is the hundreds digit of 336?
3
What is the units digit of 3278?
8
What is the hundreds digit of 115?
1
What is the units digit of 6?
6
What is the tens digit of 6880?
8
What is the tens digit of 292?
9
What is the thousands digit of 6097?
6
What is the hundreds digit of 1991?
9
What is the units digit of 5235?
5
What is the units digit of 522?
2
What is the tens digit of 2016?
1
What is the thousands digit of 1342?
1
What is the tens digit of 7969?
6
What is the thousands digit of 27213?
7
What is the thousands digit of 32803?
2
What is the thousands digit of 19516?
9
What is the tens digit of 1337?
3
What is the thousands digit of 1158?
1
What is the tens digit of 3315?
1
What is the hundreds digit of 1594?
5
What is the hundreds digit of 39635?
6
What is the units digit of 4084?
4
What is the thousands digit of 16569?
6
What is the hundreds digit of 137?
1
What is the tens digit of 142?
4
What is the thousands digit of 11252?
1
What is the hundreds digit of 2987?
9
What is the thousands digit of 4825?
4
What is the ten thousands digit of 181483?
8
What is the tens digit of 63913?
1
What is the hundreds digit of 5969?
9
What is the thousands digit of 45633?
5
What is the hundreds digit of 3880?
8
What is the tens digit of 212?
1
What is the tens digit of 580?
8
What is the units digit of 7348?
8
What is the tens digit of 22839?
3
What is the thousands digit of 62389?
2
What is the hundreds digit of 34383?
3
What is the hundreds digit of 1274?
2
What is the thousands digit of 7266?
7
What is the tens digit of 876?
7
What is the hundreds digit of 1109?
1
What is the hundreds digit of 1883?
8
What is the units digit of 50694?
4
What is the hundred thousands digit of 130071?
1
What is the hundreds digit of 307?
3
What is the thousands digit of 9646?
9
What is the ten thousands digit of 50523?
5
What is the thousands digit of 36998?
6
What is the hundreds digit of 4744?
7
What is the hundreds digit of 4915?
9
What is the thousands digit of 19458?
9
What is the tens digit of 28545?
4
What is the tens digit of 582?
8
What is the tens digit of 53813?
1
What is the units digit of 87920?
0
What is the units digit of 9783?
3
What